{"id":154,"date":"2026-03-01T12:58:59","date_gmt":"2026-03-01T12:58:59","guid":{"rendered":"https:\/\/amli-industrie.fr\/?page_id=154"},"modified":"2026-03-16T12:33:51","modified_gmt":"2026-03-16T12:33:51","slug":"contact","status":"publish","type":"page","link":"https:\/\/amli-industrie.fr\/index.php\/contact\/","title":{"rendered":"Contact"},"content":{"rendered":"<style>.wp-block-kadence-advancedheading.kt-adv-heading154_504bcc-a3, .wp-block-kadence-advancedheading.kt-adv-heading154_504bcc-a3[data-kb-block=\"kb-adv-heading154_504bcc-a3\"]{font-style:normal;}.wp-block-kadence-advancedheading.kt-adv-heading154_504bcc-a3 mark.kt-highlight, .wp-block-kadence-advancedheading.kt-adv-heading154_504bcc-a3[data-kb-block=\"kb-adv-heading154_504bcc-a3\"] mark.kt-highlight{font-style:normal;color:#f76a0c;-webkit-box-decoration-break:clone;box-decoration-break:clone;padding-top:0px;padding-right:0px;padding-bottom:0px;padding-left:0px;}.wp-block-kadence-advancedheading.kt-adv-heading154_504bcc-a3 img.kb-inline-image, .wp-block-kadence-advancedheading.kt-adv-heading154_504bcc-a3[data-kb-block=\"kb-adv-heading154_504bcc-a3\"] img.kb-inline-image{width:150px;vertical-align:baseline;}<\/style>\n<h2 class=\"kt-adv-heading154_504bcc-a3 wp-block-kadence-advancedheading\" data-kb-block=\"kb-adv-heading154_504bcc-a3\">Parlons de vos projets<\/h2>\n\n\n<style>.kadence-column154_2eebd4-07 > .kt-inside-inner-col,.kadence-column154_2eebd4-07 > .kt-inside-inner-col:before{border-top-left-radius:0px;border-top-right-radius:0px;border-bottom-right-radius:0px;border-bottom-left-radius:0px;}.kadence-column154_2eebd4-07 > .kt-inside-inner-col{column-gap:var(--global-kb-gap-sm, 1rem);}.kadence-column154_2eebd4-07 > .kt-inside-inner-col{flex-direction:column;}.kadence-column154_2eebd4-07 > .kt-inside-inner-col > .aligncenter{width:100%;}.kadence-column154_2eebd4-07 > .kt-inside-inner-col:before{opacity:0.3;}.kadence-column154_2eebd4-07{position:relative;}@media all and (max-width: 1024px){.kadence-column154_2eebd4-07 > .kt-inside-inner-col{flex-direction:column;justify-content:center;}}@media all and (max-width: 767px){.kadence-column154_2eebd4-07 > .kt-inside-inner-col{flex-direction:column;justify-content:center;}}<\/style>\n<div class=\"wp-block-kadence-column kadence-column154_2eebd4-07\"><div class=\"kt-inside-inner-col\"><style>.wp-block-kadence-advancedheading.kt-adv-heading154_d03de2-ee, .wp-block-kadence-advancedheading.kt-adv-heading154_d03de2-ee[data-kb-block=\"kb-adv-heading154_d03de2-ee\"]{font-style:normal;}.wp-block-kadence-advancedheading.kt-adv-heading154_d03de2-ee mark.kt-highlight, .wp-block-kadence-advancedheading.kt-adv-heading154_d03de2-ee[data-kb-block=\"kb-adv-heading154_d03de2-ee\"] mark.kt-highlight{font-style:normal;color:#f76a0c;-webkit-box-decoration-break:clone;box-decoration-break:clone;padding-top:0px;padding-right:0px;padding-bottom:0px;padding-left:0px;}.wp-block-kadence-advancedheading.kt-adv-heading154_d03de2-ee img.kb-inline-image, .wp-block-kadence-advancedheading.kt-adv-heading154_d03de2-ee[data-kb-block=\"kb-adv-heading154_d03de2-ee\"] img.kb-inline-image{width:150px;vertical-align:baseline;}<\/style>\n<p class=\"kt-adv-heading154_d03de2-ee wp-block-kadence-advancedheading\" data-kb-block=\"kb-adv-heading154_d03de2-ee\">Nos \u00e9quipes sont \u00e0 l&rsquo;\u00e9coute afin de vous accompagner au mieux tout au long de la r\u00e9alisation de vos projets. Nous nous ferions un plaisir d&rsquo;\u00e9changer avec vous afin de r\u00e9pondre au mieux \u00e0 vos attentes.<\/p>\n<\/div><\/div>\n\n\n\n<div class=\"wp-block-columns is-layout-flex wp-container-core-columns-is-layout-9d6595d7 wp-block-columns-is-layout-flex\">\n<div class=\"wp-block-column is-layout-flow wp-block-column-is-layout-flow\"><style>.wp-block-kadence-column.kb-section-dir-horizontal > .kt-inside-inner-col > .kt-info-box154_dc53e0-66{max-width:1043px;}.wp-block-kadence-column.kb-section-dir-horizontal > .kt-inside-inner-col > .kt-info-box154_dc53e0-66 .kt-blocks-info-box-link-wrap{max-width:unset;}.kt-info-box154_dc53e0-66 .kt-blocks-info-box-link-wrap{max-width:1043px;padding-top:var(--global-kb-spacing-xs, 1rem);padding-right:var(--global-kb-spacing-xs, 1rem);padding-bottom:var(--global-kb-spacing-xs, 1rem);padding-left:var(--global-kb-spacing-xs, 1rem);}.kt-info-box154_dc53e0-66 .kadence-info-box-icon-container .kt-info-svg-icon, .kt-info-box154_dc53e0-66 .kt-info-svg-icon-flip, .kt-info-box154_dc53e0-66 .kt-blocks-info-box-number{font-size:50px;}.kt-info-box154_dc53e0-66 .kt-blocks-info-box-media{border-top-width:0px;border-right-width:0px;border-bottom-width:0px;border-left-width:0px;padding-top:10px;padding-right:10px;padding-bottom:10px;padding-left:10px;}.kt-info-box154_dc53e0-66 .kt-blocks-info-box-media-container{margin-top:0px;margin-right:15px;margin-bottom:0px;margin-left:15px;}.kt-info-box154_dc53e0-66 .kt-blocks-info-box-learnmore{background:transparent;border-width:0px 0px 0px 0px;padding-top:4px;padding-right:8px;padding-bottom:4px;padding-left:8px;margin-top:10px;margin-right:0px;margin-bottom:10px;margin-left:0px;}<\/style>\n<div class=\"wp-block-kadence-infobox kt-info-box154_dc53e0-66\"><div class=\"kt-blocks-info-box-link-wrap kt-blocks-info-box-media-align-top kt-info-halign-center\"><div class=\"kt-blocks-info-box-media-container\"><div class=\"kt-blocks-info-box-media kt-info-media-animate-none\"><div class=\"kadence-info-box-icon-container kt-info-icon-animate-none\"><div class=\"kadence-info-box-icon-inner-container\"><span class=\"kb-svg-icon-wrap kb-svg-icon-fe_settings kt-info-svg-icon\"><svg viewBox=\"0 0 24 24\"  fill=\"none\" stroke=\"currentColor\" stroke-width=\"2\" stroke-linecap=\"round\" stroke-linejoin=\"round\" xmlns=\"http:\/\/www.w3.org\/2000\/svg\"  aria-hidden=\"true\"><circle cx=\"12\" cy=\"12\" r=\"3\"\/><path d=\"M19.4 15a1.65 1.65 0 0 0 .33 1.82l.06.06a2 2 0 0 1 0 2.83 2 2 0 0 1-2.83 0l-.06-.06a1.65 1.65 0 0 0-1.82-.33 1.65 1.65 0 0 0-1 1.51V21a2 2 0 0 1-2 2 2 2 0 0 1-2-2v-.09A1.65 1.65 0 0 0 9 19.4a1.65 1.65 0 0 0-1.82.33l-.06.06a2 2 0 0 1-2.83 0 2 2 0 0 1 0-2.83l.06-.06a1.65 1.65 0 0 0 .33-1.82 1.65 1.65 0 0 0-1.51-1H3a2 2 0 0 1-2-2 2 2 0 0 1 2-2h.09A1.65 1.65 0 0 0 4.6 9a1.65 1.65 0 0 0-.33-1.82l-.06-.06a2 2 0 0 1 0-2.83 2 2 0 0 1 2.83 0l.06.06a1.65 1.65 0 0 0 1.82.33H9a1.65 1.65 0 0 0 1-1.51V3a2 2 0 0 1 2-2 2 2 0 0 1 2 2v.09a1.65 1.65 0 0 0 1 1.51 1.65 1.65 0 0 0 1.82-.33l.06-.06a2 2 0 0 1 2.83 0 2 2 0 0 1 0 2.83l-.06.06a1.65 1.65 0 0 0-.33 1.82V9a1.65 1.65 0 0 0 1.51 1H21a2 2 0 0 1 2 2 2 2 0 0 1-2 2h-.09a1.65 1.65 0 0 0-1.51 1z\"\/><\/svg><\/span><\/div><\/div><\/div><\/div><div class=\"kt-infobox-textcontent\"><h2 class=\"kt-blocks-info-box-title\">Usinage<\/h2><p class=\"kt-blocks-info-box-text\">Tournage, fraisage, mortaisage et traitements de surface<br>Mr Moscatelli, Chef d&rsquo;atelier<br><strong><a href=\"mailto:mecanique@amli-industrie.fr\">mecanique@amli-industrie.fr<\/a><\/strong><br>+33 4 78 20 30 22<br><\/p><\/div><\/div><\/div>\n<\/div>\n\n\n\n<div class=\"wp-block-column is-layout-flow wp-block-column-is-layout-flow\"><style>.wp-block-kadence-column.kb-section-dir-horizontal > .kt-inside-inner-col > .kt-info-box154_f4a718-cc{max-width:1043px;}.wp-block-kadence-column.kb-section-dir-horizontal > .kt-inside-inner-col > .kt-info-box154_f4a718-cc .kt-blocks-info-box-link-wrap{max-width:unset;}.kt-info-box154_f4a718-cc .kt-blocks-info-box-link-wrap{max-width:1043px;padding-top:var(--global-kb-spacing-xs, 1rem);padding-right:var(--global-kb-spacing-xs, 1rem);padding-bottom:var(--global-kb-spacing-xs, 1rem);padding-left:var(--global-kb-spacing-xs, 1rem);}.kt-info-box154_f4a718-cc .kadence-info-box-icon-container .kt-info-svg-icon, .kt-info-box154_f4a718-cc .kt-info-svg-icon-flip, .kt-info-box154_f4a718-cc .kt-blocks-info-box-number{font-size:50px;}.kt-info-box154_f4a718-cc .kt-blocks-info-box-media{border-top-width:0px;border-right-width:0px;border-bottom-width:0px;border-left-width:0px;padding-top:10px;padding-right:10px;padding-bottom:10px;padding-left:10px;}.kt-info-box154_f4a718-cc .kt-blocks-info-box-media-container{margin-top:0px;margin-right:15px;margin-bottom:0px;margin-left:15px;}.kt-info-box154_f4a718-cc .kt-blocks-info-box-learnmore{background:transparent;border-width:0px 0px 0px 0px;padding-top:4px;padding-right:8px;padding-bottom:4px;padding-left:8px;margin-top:10px;margin-right:0px;margin-bottom:10px;margin-left:0px;}<\/style>\n<div class=\"wp-block-kadence-infobox kt-info-box154_f4a718-cc\"><div class=\"kt-blocks-info-box-link-wrap kt-blocks-info-box-media-align-top kt-info-halign-center\"><div class=\"kt-blocks-info-box-media-container\"><div class=\"kt-blocks-info-box-media kt-info-media-animate-none\"><div class=\"kadence-info-box-icon-container kt-info-icon-animate-none\"><div class=\"kadence-info-box-icon-inner-container\"><span class=\"kb-svg-icon-wrap kb-svg-icon-fas_wrench kt-info-svg-icon\"><svg viewBox=\"0 0 512 512\"  fill=\"currentColor\" xmlns=\"http:\/\/www.w3.org\/2000\/svg\"  aria-hidden=\"true\"><path d=\"M507.73 109.1c-2.24-9.03-13.54-12.09-20.12-5.51l-74.36 74.36-67.88-11.31-11.31-67.88 74.36-74.36c6.62-6.62 3.43-17.9-5.66-20.16-47.38-11.74-99.55.91-136.58 37.93-39.64 39.64-50.55 97.1-34.05 147.2L18.74 402.76c-24.99 24.99-24.99 65.51 0 90.5 24.99 24.99 65.51 24.99 90.5 0l213.21-213.21c50.12 16.71 107.47 5.68 147.37-34.22 37.07-37.07 49.7-89.32 37.91-136.73zM64 472c-13.25 0-24-10.75-24-24 0-13.26 10.75-24 24-24s24 10.74 24 24c0 13.25-10.75 24-24 24z\"\/><\/svg><\/span><\/div><\/div><\/div><\/div><div class=\"kt-infobox-textcontent\"><h2 class=\"kt-blocks-info-box-title\">Maintenance<\/h2><p class=\"kt-blocks-info-box-text\">Installation, d\u00e9montage et maintenance d&rsquo;outils de levage<br>Mr Chapron, G\u00e9rant<br><strong><a href=\"mailto:maintenance@amli-industrie.fr\">maintenance@amli-industrie.fr<\/a><\/strong><br>+33 6 52 13 65 39<br><\/p><\/div><\/div><\/div>\n<\/div>\n<\/div>\n\n\n<style>.wp-block-kadence-advancedheading.kt-adv-heading154_9adf78-49, .wp-block-kadence-advancedheading.kt-adv-heading154_9adf78-49[data-kb-block=\"kb-adv-heading154_9adf78-49\"]{font-style:normal;}.wp-block-kadence-advancedheading.kt-adv-heading154_9adf78-49 mark.kt-highlight, .wp-block-kadence-advancedheading.kt-adv-heading154_9adf78-49[data-kb-block=\"kb-adv-heading154_9adf78-49\"] mark.kt-highlight{font-style:normal;color:#f76a0c;-webkit-box-decoration-break:clone;box-decoration-break:clone;padding-top:0px;padding-right:0px;padding-bottom:0px;padding-left:0px;}.wp-block-kadence-advancedheading.kt-adv-heading154_9adf78-49 img.kb-inline-image, .wp-block-kadence-advancedheading.kt-adv-heading154_9adf78-49[data-kb-block=\"kb-adv-heading154_9adf78-49\"] img.kb-inline-image{width:150px;vertical-align:baseline;}<\/style>\n<h2 class=\"kt-adv-heading154_9adf78-49 wp-block-kadence-advancedheading\" data-kb-block=\"kb-adv-heading154_9adf78-49\">Envie de rejoindre l&rsquo;\u00e9quipe? AMLI recrute!<\/h2>\n\n\n<style>.wp-block-kadence-column.kb-section-dir-horizontal > .kt-inside-inner-col > .kt-info-box154_5668ae-ec .kt-blocks-info-box-link-wrap{max-width:unset;}.kt-info-box154_5668ae-ec .kt-blocks-info-box-link-wrap{padding-top:var(--global-kb-spacing-xs, 1rem);padding-right:var(--global-kb-spacing-xs, 1rem);padding-bottom:var(--global-kb-spacing-xs, 1rem);padding-left:var(--global-kb-spacing-xs, 1rem);}.kt-info-box154_5668ae-ec .kadence-info-box-icon-container .kt-info-svg-icon, .kt-info-box154_5668ae-ec .kt-info-svg-icon-flip, .kt-info-box154_5668ae-ec .kt-blocks-info-box-number{font-size:50px;}.kt-info-box154_5668ae-ec .kt-blocks-info-box-media{border-top-width:0px;border-right-width:0px;border-bottom-width:0px;border-left-width:0px;padding-top:10px;padding-right:10px;padding-bottom:10px;padding-left:10px;}.kt-info-box154_5668ae-ec .kt-blocks-info-box-media-container{margin-top:0px;margin-right:15px;margin-bottom:0px;margin-left:15px;}.kt-info-box154_5668ae-ec .kt-blocks-info-box-learnmore{background:transparent;border-width:0px 0px 0px 0px;padding-top:4px;padding-right:8px;padding-bottom:4px;padding-left:8px;margin-top:10px;margin-right:0px;margin-bottom:10px;margin-left:0px;}<\/style>\n<div class=\"wp-block-kadence-infobox kt-info-box154_5668ae-ec\"><div class=\"kt-blocks-info-box-link-wrap kt-blocks-info-box-media-align-top kt-info-halign-center\"><div class=\"kt-blocks-info-box-media-container\"><div class=\"kt-blocks-info-box-media kt-info-media-animate-none\"><div class=\"kadence-info-box-icon-container kt-info-icon-animate-none\"><div class=\"kadence-info-box-icon-inner-container\"><span class=\"kb-svg-icon-wrap kb-svg-icon-fe_mail kt-info-svg-icon\"><svg viewBox=\"0 0 24 24\"  fill=\"none\" stroke=\"currentColor\" stroke-width=\"2\" stroke-linecap=\"round\" stroke-linejoin=\"round\" xmlns=\"http:\/\/www.w3.org\/2000\/svg\"  aria-hidden=\"true\"><path d=\"M4 4h16c1.1 0 2 .9 2 2v12c0 1.1-.9 2-2 2H4c-1.1 0-2-.9-2-2V6c0-1.1.9-2 2-2z\"\/><polyline points=\"22,6 12,13 2,6\"\/><\/svg><\/span><\/div><\/div><\/div><\/div><div class=\"kt-infobox-textcontent\"><h2 class=\"kt-blocks-info-box-title\">Candidature spontan\u00e9e<\/h2><p class=\"kt-blocks-info-box-text\">Nous sommes toujours \u00e0 la recherche de nouveaux talents. En recherche d&rsquo;une embauche, d&rsquo;un stage ou d&rsquo;une alternance?<br>Envoyez-nous votre CV et expliquez-nous votre projet \u00e0 <strong><a href=\"mailto:contact@amli-industrie.fr\">contact@amli-industrie.fr<\/a><\/strong> <\/p><\/div><\/div><\/div>\n\n\n\n<p><\/p>\n","protected":false},"excerpt":{"rendered":"<p>Parlons de vos projets Nos \u00e9quipes sont \u00e0 l&rsquo;\u00e9coute afin de vous accompagner au mieux tout au long de la r\u00e9alisation de vos projets. Nous nous ferions un plaisir d&rsquo;\u00e9changer avec vous afin de r\u00e9pondre au mieux \u00e0 vos attentes. Envie de rejoindre l&rsquo;\u00e9quipe? AMLI recrute!<\/p>\n","protected":false},"author":1,"featured_media":0,"parent":0,"menu_order":0,"comment_status":"closed","ping_status":"closed","template":"","meta":{"_kad_post_transparent":"","_kad_post_title":"","_kad_post_layout":"","_kad_post_sidebar_id":"","_kad_post_content_style":"","_kad_post_vertical_padding":"","_kad_post_feature":"","_kad_post_feature_position":"","_kad_post_header":false,"_kad_post_footer":false,"_kad_post_classname":"","footnotes":""},"class_list":["post-154","page","type-page","status-publish","hentry"],"_links":{"self":[{"href":"https:\/\/amli-industrie.fr\/index.php\/wp-json\/wp\/v2\/pages\/154","targetHints":{"allow":["GET"]}}],"collection":[{"href":"https:\/\/amli-industrie.fr\/index.php\/wp-json\/wp\/v2\/pages"}],"about":[{"href":"https:\/\/amli-industrie.fr\/index.php\/wp-json\/wp\/v2\/types\/page"}],"author":[{"embeddable":true,"href":"https:\/\/amli-industrie.fr\/index.php\/wp-json\/wp\/v2\/users\/1"}],"replies":[{"embeddable":true,"href":"https:\/\/amli-industrie.fr\/index.php\/wp-json\/wp\/v2\/comments?post=154"}],"version-history":[{"count":8,"href":"https:\/\/amli-industrie.fr\/index.php\/wp-json\/wp\/v2\/pages\/154\/revisions"}],"predecessor-version":[{"id":227,"href":"https:\/\/amli-industrie.fr\/index.php\/wp-json\/wp\/v2\/pages\/154\/revisions\/227"}],"wp:attachment":[{"href":"https:\/\/amli-industrie.fr\/index.php\/wp-json\/wp\/v2\/media?parent=154"}],"curies":[{"name":"wp","href":"https:\/\/api.w.org\/{rel}","templated":true}]}}